{"id":130,"date":"2014-05-22T20:28:37","date_gmt":"2014-05-22T18:28:37","guid":{"rendered":"http:\/\/rassembler-avenir-stfp.fr\/?page_id=130"},"modified":"2016-12-24T01:05:02","modified_gmt":"2016-12-24T00:05:02","slug":"adherer","status":"publish","type":"page","link":"http:\/\/rassembler-avenir-stfp.fr\/index.php\/notre-association\/adherer\/","title":{"rendered":"Adh\u00e9rer"},"content":{"rendered":"<p style=\"text-align: justify;\">Merci !<\/p>\n<p style=\"text-align: justify;\">Vous souhaitez nous soutenir\u00a0? Vous partagez nos valeurs ? Vous souhaitez nous rejoindre et vous investir \u00e0 votre niveau ?<\/p>\n<p style=\"text-align: justify;\">Rien de plus simple : t\u00e9l\u00e9chargez notre formulaire d&rsquo;inscription, imprimez-le, remplissez-le et transmettez le nous \u00e0 l&rsquo;adresse suivante :<\/p>\n<p style=\"text-align: center;\"><strong>Association \u00ab\u00a0Rassembler pour l&rsquo;Avenir\u00a0\u00bb<\/strong><br \/>\n46, avenue du Parc<br \/>\n77310 Saint-Fargeau-Ponthierry<\/p>\n<p style=\"text-align: justify;\">Une fois votre adh\u00e9sion valid\u00e9e, nous vous ferons parvenir en retour les statuts, le r\u00e8glement int\u00e9rieur et l&rsquo;attestation de versement.<br \/>\nSi vous souhaitez participer aux commissions de travail, le planning de r\u00e9union de celles-ci vous parviendra par email.<\/p>\n<p style=\"text-align: justify;\">Une nouvelle fois : merci de votre soutien !<\/p>\n<p style=\"text-align: center;\"><a href=\"http:\/\/rassembler-avenir-stfp.fr\/wp-content\/uploads\/2014\/05\/BULLETIN-DADHE\u0301SION.pdf\">BULLETIN D&rsquo;ADHE\u0301SION<\/a><\/p>\n","protected":false},"excerpt":{"rendered":"<p>Merci ! Vous souhaitez nous soutenir\u00a0? Vous partagez nos valeurs ? Vous souhaitez nous rejoindre et vous investir \u00e0 votre niveau ? Rien de plus simple : t\u00e9l\u00e9chargez notre formulaire d&rsquo;inscription, imprimez-le, remplissez-le et transmettez le nous \u00e0 l&rsquo;adresse suivante : Association \u00ab\u00a0Rassembler pour l&rsquo;Avenir\u00a0\u00bb 46, avenue du Parc 77310 Saint-Fargeau-Ponthierry Une fois votre adh\u00e9sion valid\u00e9e, nous vous ferons parvenir<\/p>\n","protected":false},"author":14,"featured_media":0,"parent":136,"menu_order":0,"comment_status":"open","ping_status":"open","template":"","meta":{"_monsterinsights_skip_tracking":false,"_monsterinsights_sitenote_active":false,"_monsterinsights_sitenote_note":"","_monsterinsights_sitenote_category":0,"footnotes":""},"class_list":["post-130","page","type-page","status-publish","hentry"],"aioseo_notices":[],"_links":{"self":[{"href":"http:\/\/rassembler-avenir-stfp.fr\/index.php\/wp-json\/wp\/v2\/pages\/130","targetHints":{"allow":["GET"]}}],"collection":[{"href":"http:\/\/rassembler-avenir-stfp.fr\/index.php\/wp-json\/wp\/v2\/pages"}],"about":[{"href":"http:\/\/rassembler-avenir-stfp.fr\/index.php\/wp-json\/wp\/v2\/types\/page"}],"author":[{"embeddable":true,"href":"http:\/\/rassembler-avenir-stfp.fr\/index.php\/wp-json\/wp\/v2\/users\/14"}],"replies":[{"embeddable":true,"href":"http:\/\/rassembler-avenir-stfp.fr\/index.php\/wp-json\/wp\/v2\/comments?post=130"}],"version-history":[{"count":8,"href":"http:\/\/rassembler-avenir-stfp.fr\/index.php\/wp-json\/wp\/v2\/pages\/130\/revisions"}],"predecessor-version":[{"id":1365,"href":"http:\/\/rassembler-avenir-stfp.fr\/index.php\/wp-json\/wp\/v2\/pages\/130\/revisions\/1365"}],"up":[{"embeddable":true,"href":"http:\/\/rassembler-avenir-stfp.fr\/index.php\/wp-json\/wp\/v2\/pages\/136"}],"wp:attachment":[{"href":"http:\/\/rassembler-avenir-stfp.fr\/index.php\/wp-json\/wp\/v2\/media?parent=130"}],"curies":[{"name":"wp","href":"https:\/\/api.w.org\/{rel}","templated":true}]}}